 (base 5) in base 12?
2a7
What is -19770 (base 11) in base 3?
-1101210011
2b77 (base 12) to base 15
17c1
Convert -16868 (base 12) to base 16.
-7e50
What is -163 (base 12) in base 5?
-1334
1010001011001 (base 2) to base 12
3021
Convert -356 (base 7) to base 9.
-228
What is -101110011010000 (base 2) in base 11?
-16940
What is 4652 (base 8) in base 12?
1522
Convert -1446 (base 11) to base 16.
-749
Convert 314 (base 15) to base 9.
851
What is 1301331 (base 4) in base 6?
53433
Convert 203c (base 16) to base 12.
4938
What is 1606 (base 7) in base 14?
33d
Convert -27 (base 15) to base 2.
-100101
2123012 (base 4) to base 3
111121122
341535 (base 7) to base 8
166337
Convert 2826 (base 13) to base 9.
7830
What is -210110110 (base 3) in base 16?
-3d1d
1122111 (base 5) to base 2
100111100111001
What is 21 (base 6) in base 11?
12
What is -17c8 (base 14) in base 3?
-12212222
-2318 (base 16) to base 9
-13282
3131002 (base 4) to base 3
201101221
Convert 7861 (base 9) to base 13.
2848
-10100111000 (base 2) to base 14
-6b6
193 (base 16) to base 10
403
What is 454 (base 6) in base 7?
343
Convert 3a0d (base 15) to base 10.
12388
Convert -43c5 (base 14) to base 6.
-130201
What is 15ce8 (base 16) in base 3?
11112112011
6072 (base 10) to base 15
1bec
What is -7dc9 (base 16) in base 15?
-981b
Convert 3443402 (base 5) to base 2.
1111001110010000
What is 11425 (base 6) in base 12?
b75
What is -452431 (base 6) in base 2?
-1001010100100011
15a (base 16) to base 3
110211
What is -84 (base 15) in base 2?
-1111100
bd8 (base 16) to base 12
1908
Convert -240 (base 10) to base 13.
-156
What is -273 (base 9) in base 11?
-198
-95d6 (base 16) to base 14
-dd9c
What is 2443 (base 7) in base 4?
32101
-2522 (base 8) to base 14
-6d4
Convert -300 (base 14) to base 4.
-21030
What is -1001001011 (base 2) in base 11?
-494
10200 (base 3) to base 6
243
What is -a002 (base 16) in base 13?
-1584c
What is 64253 (base 9) in base 15?
c8cc
-430 (base 7) to base 16
-d9
-a10 (base 15) to base 12
-1389
17bb (base 14) to base 2
1000010111001
What is 1eb2 (base 16) in base 10?
7858
Convert 513214 (base 6) to base 10.
40906
What is -3346 (base 7) in base 6?
-5334
Convert -15c (base 15) to base 10.
-312
-1114 (base 12) to base 14
-98c
What is 10111100001101 (base 2) in base 5?
341140
265b (base 15) to base 16
1ffa
Convert 16353 (base 7) to base 11.
3542
Convert -c03 (base 14) to base 8.
-4463
Convert 40a2 (base 14) to base 15.
3463
What is -4640 (base 9) in base 5?
-102223
-2441432 (base 5) to base 12
-22aa4
Convert 700 (base 11) to base 9.
1141
13 (base 4) to base 6
11
What is -c66 (base 15) in base 9?
-3746
What is -341 (base 13) in base 9?
-682
What is 1351 (base 6) in base 14?
1b5
-100101100100 (base 2) to base 10
-2404
Convert -111010 (base 4) to base 12.
-944
Convert -31000 (base 4) to base 7.
-2266
What is 19ad6 (base 14) in base 15?
1450a
-2b3 (base 16) to base 9
-847
What is 13310133 (base 4) in base 12?
16653
What is 49b (base 14) in base 15?
416
Convert 402 (base 14) to base 3.
1002010
What is -123350 (base 8) in base 10?
-42728
What is 151 (base 16) in base 11?
287
Convert -1169 (base 15) to base 11.
-2863
What is -11117 (base 10) in base 6?
-123245
What is -346 (base 12) in base 8?
-746
Convert -966 (base 10) to base 6.
-4250
342 (base 6) to base 7
251
What is -1220121 (base 3) in base 9?
-1817
Convert -2511 (base 8) to base 11.
-1020
-117237 (base 8) to base 15
-c072
Convert -535240 (base 6) to base 11.
-3001a
-20315 (base 6) to base 15
-c0b
What is 622 (base 7) in base 16?
136
What is db68 (base 14) in base 15?
b380
c42 (base 14) to base 13
1135
Convert 1741 (base 8) to base 9.
1323
-100000110000 (base 2) to base 16
-830
Convert e72d (base 16) to base 15.
12806
Convert -145464 (base 7) to base 13.
-cbb2
-175 (base 8) to base 11
-104
Convert -3 (base 9) to base 16.
-3
Convert b2b (base 13) to base 8.
3550
What is 129dc (base 14) in base 8?
131446
Convert 5c86 (base 14) to base 6.
202542
Convert -160355 (base 7) to base 13.
-113a5
-595f (base 16) to base 15
-6ba4
Convert -66 (base 11) to base 8.
-110
What is 372 (base 11) in base 12?
30a
Convert -1014011 (base 5) to base 16.
-4174
-13465 (base 9) to base 11
-6951
What is 45d7 (base 16) in base 9?
26465
What is 143224 (base 8) in base 10?
50836
What is 87e (base 15) in base 13?
b48
What is -113 (base 7) in base 15?
-3e
Convert -32a6 (base 12) to base 2.
-1010111011110
-13176 (base 8) to base 15
-1a8d
1b (base 15) to base 11
24
530 (base 15) to base 16
492
Convert -211202 (base 4) to base 16.
-962
What is 100000111000 (base 2) in base 6?
13424
What is 819 (base 10) in base 3?
1010100
What is 7b1 (base 13) in base 14?
6ab
192 (base 15) to base 11
2aa
c6 (base 13) to base 11
138
-5b5 (base 13) to base 4
-33201
What is 1611 (base 16) in base 13?
2757
1a56 (base 12) to base 5
100414
-11304 (base 6) to base 4
-121120
-111001011011 (base 2) to base 13
-1899
What is 11000111000 (base 2) in base 9?
2158
-45354 (base 8) to base 5
-1103210
Convert -27377 (base 12) to base 5.
-3212331
What is -9547 (base 15) in base 11?
-21798
Convert 6996 (base 10) to base 14.
279a
Convert -1031101 (base 4) to base 3.
-20210011
What is 1122211 (base 3) in base 15?
55a
Convert 130010 (base 4) to base 15.
7eb
Convert -438c (base 13) to base 9.
-13816
What is b8 (base 16) in base 2?
10111000
Convert -1165a (base 11) to base 8.
-40573
864 (base 13) to base 7
4116
What is -213 (base 8) in base 10?
-139
Convert -351 (base 7) to base 10.
-183
What is 30220 (base 4) in base 12?
574
Convert -12040 (base 5) to base 10.
-895
What is 1590 (base 11) in base 7?
5635
What is df6 (base 16) in base 11?
275a
Convert 3a2 (base 15) to base 9.
1118
Convert -103 (base 13) to base 10.
-172
What is -20230 (base 11) in base 7?
-152113
1200 (base 8) to base 12
454
Convert 6d9 (base 14) to base 15.
612
What is -37c (base 14) in base 7?
-2015
Convert 1133104 (base 5) to base 4.
11020211
Convert 59 (base 12) to base 4.
1011
-2744 (base 11) to base 15
-10c2
Convert 150 (base 8) to base 16.
68
What is 325 (base 12) in base 7?
1226
Convert 411 (base 8) to base 15.
12a
655 (base 10) to base 5
10110
What is -78148 (base 9) in base 10?
-51884
a5aa (base 13) to base 3
1011111012
3354 (base 6) to base 11
659
Convert 1111101 (base 2) to base 5.
1000
Convert 351 (base 11) to base 3.
120112
Convert -d6a6 (base 15) to base 9.
-68223
612 (base 9) to base 15
232
What is -3221 (base 4) in base 2?
-11101001
3a27 (base 11) to base 8
12160
-10821 (base 10) to base 3
-112211210
What is 521343 (base 6) in base 16?
a35f
What is -10110101101 (base 2) in base 12?
-a11
Convert 5045 (base 6) to base 3.
1112002
Convert -1c0c5 (base 13) to base 11.
-38429
What is 3378 (base 15) in base 4?
2222201
-4429 (base 13) to base 3
-111000211
Convert -62351 (base 7) to base 3.
-202221202
What is -3020301 (base 4) in base 9?
-18556
What is -15114 (base 7) in base 10?
-4176
-12060 (base 7) to base 2
-110000111001
What is -45f (base 16) in base 9?
-1473
Convert -3c14 (base 15) to base 12.
-7524
Convert 132323 (base 4) to base 7.
5525
1000010110 (base 2) to base 12
386
What is -120012 (base 3) in base 15?
-1c5
Convert 76247 (base 8) to base 15.
96c6
What is -1320121 (base 4) in base 11?
-5875
What is 1222 (base 7) in base 13?
292
-1112010 (base 3) to base 7
-3144
Convert -211200 (base 6) to base 7.
-100650
Convert -3028 (base 9) to base 3.
-10000222
Convert -958a (base 12) to base 14.
-5d7c
50354 (base 8) to base 7
114253
-103131 (base 5) to base 11
-272a
Convert 8 (base 14) to base 6.
12
Convert -11001302 (base 4) to base 11.
-14522
-20130012 (base 4) to base 10
-34566
678 (base 10) to base 4
22212
What is -525 (base 9) in base 11?
-35a
What is 165020 (base 7) in base 12?
17092
Convert -3759 (base 15) to base 11.
-8943
-447d (base 15) to base 12
-849a
Convert -37c7 (base 16) to base 4.
-3133013
What is -196 (base 16) in base 4?
-12112
What is -2234231 (base 5) in base 9?
-60708
-6823 (base 11) to base 12
-5243
What is 44214 (base 6) in base 9?
8361
Convert 1212411 (base 5) to base 9.
34315
34b8 (base 13) to base 11
5634
821 (base 9) to base 15
2e7
Convert -222111021 (base 3) to base 10.
-19312
What is 560 (base 16) in base 5?
21001
What is -10021111 (base 3) in base 2?
-100101010101
31053 (base 7) to base 3
101101220
What is 581 (b